{"id":1418,"date":"2021-11-07T20:10:39","date_gmt":"2021-11-07T20:10:39","guid":{"rendered":"https:\/\/jmkride-colombia.com\/?page_id=1418"},"modified":"2022-01-18T05:36:23","modified_gmt":"2022-01-18T05:36:23","slug":"terminos-y-condiciones","status":"publish","type":"page","link":"https:\/\/jmkride-colombia.com\/index.php\/terminos-y-condiciones\/","title":{"rendered":"T\u00e9rminos y condiciones"},"content":{"rendered":"\n<p><strong>T\u00e9rminos de Uso<\/strong><\/p>\n\n\n\n<p><em>\u00daltima actualizaci\u00f3n: 11 de noviembre de 2021<\/em><\/p>\n\n\n\n<p><strong>T\u00e9rminos y condiciones<\/strong><\/p>\n\n\n\n<p>Por favor lea estos T\u00e9rminos y Condiciones (de en Adelante \u201cT\u00e9rminos\u201d cuidadosamente antes de usar la plataforma jmkride-colombia (de en adelante el \u201cServicio\u201d) operado por Schlinkert &amp; Santos trading sas (de en adelante \u201cnosotros\u201d, \u201cnuestra\u201d).<\/p>\n\n\n\n<p>Su acceso a y uso del servicio es condicionado a aceptar y acatar estos T\u00e9rminos. Estos T\u00e9rminos aplican a todos los visitantes y suscriptores que usen el Servicio. Das fe de ser mayor de edad y de poder de entrar a contratos legales. Si eres menor de edad, das fe de tener el consentimiento de tu padre o guardi\u00e1n, y que ellos se comprometen a estar atados a estos T\u00e9rminos de parte tuya.<\/p>\n\n\n\n<p>Al acceder o usar nuestro Servicio, est\u00e1s acordando ser sujeto a estos T\u00e9rminos. Si no est\u00e1s de acuerdo con alguna parte de los T\u00e9rminos se proh\u00edbe el uso de nuestro Servicio.<\/p>\n\n\n\n<p><strong>Contenido<\/strong><\/p>\n\n\n\n<p>Nuestro servicio le permite postear, vincular, guardar, compartir y de otro modo hacer disponible cierta informaci\u00f3n, texto, gr\u00e1ficos, videos u otro material (de en adelante Contenido). Eres responsable del contenido que postees en el Servicio, incluyendo la legalidad, veracidad y propiedad de \u00e9ste.&nbsp;<\/p>\n\n\n\n<p>Al poster contenido al Servicio, nos concedes el derecho y licencia de usar, modificar, exhibir p\u00fablicamente, reproducir y distribuir este contenido en y a trav\u00e9s de, nuestro Servicio. Cada usuario retiene todos los derechos del contenido que postea en el Servicio, y es el responsable de proteger estos derechos. Al postear, cada usuario est\u00e1 de acuerdo con que la licencia da derecho a Schlinkert &amp; Santos trading sas a hacer dicho contenido disponible a los dem\u00e1s usuarios del Servicio.<\/p>\n\n\n\n<p>Usted representa y asegura que:<\/p>\n\n\n\n<ol class=\"wp-block-list\" type=\"1\"><li>El contenido es de su propiedad.<\/li><li>Postear el contenido en nuestra plataforma no viola leyes de privacidad, derechos de autor, derechos de contrato, y ning\u00fan otro derecho de otra persona.<\/li><li>El contenido no causa que usted o nosotros violemos leyes, regulaciones ni obligaciones legales.<\/li><li>El contenido no ser\u00e1 obsceno, inapropiado, difamatorio, ofensivo, pornogr\u00e1fico, abusivo y no ser\u00e1 generador de conflictos raciales o discriminatorios.<\/li><li>El contenido no ser\u00e1 publicidad enga\u00f1osa.<\/li><li>El contenido no contendr\u00e1 software da\u00f1ino para equipo de telecomunicaciones.<\/li><li>El contenido no da\u00f1ara la reputaci\u00f3n del servicio.<\/li><\/ol>\n\n\n\n<p>Usted est\u00e1 de acuerdo con mantener los records necesarios para establecer que su contenido no viola ninguno de los requisitos de esta clausula y de hacer disponibles estos records dado que Schlinkert &amp; Santos trading sas los pida.<\/p>\n\n\n\n<p>Schlinkert &amp; Santos trading sas no est\u00e1 bajo ninguna obligaci\u00f3n de monitorear regularmente la veracidad del contenido incorporado a su Servicio. Nos reservamos el derecho a modificar o remover Contenido en cualquier momento.<\/p>\n\n\n\n<p>Usted est\u00e1 de acuerdo con que todo el Contenido que publique en el Servicio ser\u00e1 informaci\u00f3n p\u00fablica y conlleva riesgos.<\/p>\n\n\n\n<p><strong>Propiedad intelectual<\/strong><\/p>\n\n\n\n<p>Nuestro Servicio y su contenido original y funcionalidades (excluyendo el contenido generado por los Usuarios) son y permanecer\u00e1n propiedad exclusiva de Schlinkert &amp; Santos trading sas. El servicio est\u00e1 protegido por copyright, trademark, derechos de autor y otras leyes tanto en Colombia como en el exterior. Nuestra marca no puede ser usada junto con ninguna otra marca, servicio o producto sin autorizaci\u00f3n escrita de Schlinkert &amp; Santos trading sas. Nada en estos t\u00e9rminos constituye transferencia de propiedad intelectual de Schlinkert &amp; Santos trading sas a ning\u00fan usuario.<\/p>\n\n\n\n<p>Solo se le permite a los usuarios usar el Servicio como nosotros lo autorizamos. Como usuario, a usted se le concede un derecho limitado, no-exclusivo, revocable, no-transferible de usar el servicio, sujeto siempre a estos t\u00e9rminos.<\/p>\n\n\n\n<p>Se proh\u00edbe el uso de nuestra propiedad intelectual en conexi\u00f3n con cualquier producto o servicio que no est\u00e9 afiliado con nosotros o que ti\u00f1a nuestra reputaci\u00f3n.<\/p>\n\n\n\n<p>Cualquier opini\u00f3n, sugerencia, comentario, servicio, ofertas y cualquier otra informaci\u00f3n o contenido expresado o hecho disponible por los Usuarios le pertenece a \u00e9stos y no a Schlinkert &amp; Santos trading sas.<\/p>\n\n\n\n<p><strong>V\u00ednculos a otros sitios web<\/strong><\/p>\n\n\n\n<p>Nuestro servicio puede contener v\u00ednculos a sitios web de terceros que no son propiedad de ni controlados por Schlinkert &amp; Santos trading sas.<\/p>\n\n\n\n<p>Schlinkert &amp; Santos trading sas no tiene control, y no asume responsabilidad de, el contenido, la privacidad, pol\u00edticas, pr\u00e1cticas de \u00e9stos terceros. M\u00e1s aun, como usuario usted est\u00e1 de acuerdo que Schlinkert &amp; Santos trading sas no se har\u00e1 responsable, directa o indirectamente, de cualquier da\u00f1o o perdido causado, o supuestamente causado, por o en conexi\u00f3n con el uso del contenido, productos o servicios hechos disponibles a trav\u00e9s de estos sitios web o servicios.<\/p>\n\n\n\n<p>Solo proveemos v\u00ednculos a sitios web de terceros como una conveniencia a nuestros usuarios, la inclusi\u00f3n de estos v\u00ednculos en nuestro portal no indica nuestra aprobaci\u00f3n o patrocinio. Como usuario, reconoce y accede a visitar estos sitios web bajo su propio riesgo.<\/p>\n\n\n\n<p>Sugerimos fuertemente que lea los t\u00e9rminos y condiciones, y pol\u00edticas de tratamiento de datos, de cualquier sitio web de terceros que visite.<\/p>\n\n\n\n<p><strong>Indemnizaciones<\/strong><\/p>\n\n\n\n<p>Una condici\u00f3n de su acceso a y uso de nuestro servicio es que est\u00e1 de acuerdo con pagar da\u00f1os y prejuicios por costos y gastos, incluidos pero no limitados a gastos legales, que incurramos en cualquier proceso de reclamo que nazca de su uso de este servicio, o incumplimiento de estos t\u00e9rminos.<\/p>\n\n\n\n<p>Esta secci\u00f3n de indemnizaci\u00f3n sobrevive a la expiraci\u00f3n de su registro y aplica a reclamos que nazcan antes, durante y despu\u00e9s su uso de nuestro servicio.<\/p>\n\n\n\n<p><strong>Limitaci\u00f3n de Responsabilidad<\/strong><\/p>\n\n\n\n<p>Al usar nuestro servicio, usted esta de acuerdo con que Schlinkert &amp; Santos trading sas no es responsable de da\u00f1os sufridos por el uso, correcto o incorrecto, de nuestros servicios.<\/p>\n\n\n\n<p>De parte suya, de sus herederos o ejecutores, usted est\u00e1 de acuerdo con no hacer a Schlinkert &amp; Santos trading sas , sus agentes o empleados, responsable de da\u00f1os y p\u00e9rdidas, incluidos la muerte y la p\u00e9rdida de la salud, que puedan resultar del uso de nuestros productos, incluidos los retos de ejercicio. M\u00e1s a\u00fan usted al usar nuestro servicio est\u00e1 de acuerdo con indemnizar a Schlinkert &amp; Santos trading sas y hacer a sus agentes y empleados no sufrir da\u00f1os presentado alg\u00fan caso que resulte de su uso de nuestros productos.<\/p>\n\n\n\n<p>Como usuario, tiene toda la responsabilidad de protecci\u00f3n adecuada y uso cuidadoso de nuestros servicios, programas y equipos y no puede hacer reclamaci\u00f3n en contra de instrucci\u00f3n inadecuada o da\u00f1os fisiol\u00f3gicos que resulten de su uso de nuestro servicio.<\/p>\n\n\n\n<p>Sin ser limitante, establecemos que en ning\u00fan caso nuestra responsabilidad total a cualquier usuario superar\u00e1 el monto que ese usuario pag\u00f3 a Schlinkert &amp; Santos trading sas.<\/p>\n\n\n\n<p><strong>Disclaimer<\/strong><\/p>\n\n\n\n<p>Su uso de nuestro servicio es bajo su propio y absoluto riesgo. El servicio se provee tal cual y como es. Se provee sin garant\u00edas de ning\u00fan tipo, expresas o implicadas, incluyendo, pero no limitadas a garant\u00edas de fin espec\u00edfico.<\/p>\n\n\n\n<p>Schlinkert &amp; Santos trading sas, sus subsidiarias, afiliados o licenciadores no garantizan que el servicio funcionar\u00e1 sin interrupciones, en todas partes ni a cualquier hora; que errores o defectos ser\u00e1n corregidos; que el servicio est\u00e1 exento de virus; que el resultado de usar el servicio cumplir\u00e1 sus expectativas.<\/p>\n\n\n\n<p>Esta exenci\u00f3n de responsabilidad aplica a da\u00f1os y lesiones causado por cualquier falla en el funcionamiento, error, omisi\u00f3n, interrupci\u00f3n, defecto, retraso en la operaci\u00f3n o transmisi\u00f3n, virus, fallas en l\u00edneas de comunicaci\u00f3n, robo, destrucci\u00f3n, o acceso no autorizado vinculadas con la operaci\u00f3n o el uso de nuestro servicio, ya sea por incumplimiento de contrato, comportamiento mal intencionado, negligencia o cualquier otra causa de acci\u00f3n.<\/p>\n\n\n\n<p>No hacemos representaciones o garant\u00edas de ning\u00fan tipo acerca de lo completo, veraz, adecuado o sobre la disponibilidad del contenido de nuestro servicio. Cualquier dependencia de estos hechos es completamente bajo su propio riesgo. No nos hacemos responsables de representaciones ni garant\u00edas de la efectividad de nuestro servicio sobre tu cuerpo. No nos comprometemos ni damos garant\u00edas que nuestro servicio ser\u00e1 sin errores ni interrupciones.<\/p>\n\n\n\n<p><strong>Exclusiones<\/strong><\/p>\n\n\n\n<p>Algunas jurisdicciones no permiten las exclusiones de ciertas garant\u00edas o limitaciones de responsabilidad por da\u00f1os consecuenciales ni incidentales, entonces el derecho de retracto de la ley colombiana aplica.<\/p>\n\n\n\n<p><strong>Ley Gobernante<\/strong><\/p>\n\n\n\n<p>Estos t\u00e9rminos son gobernados y construidos de acuerdo con las leyes de Colombia.<\/p>\n\n\n\n<p>Si fallamos en hacer cumplir estos t\u00e9rminos en alg\u00fan caso, esto no se tomar\u00e1 como exenci\u00f3n de derecho. Si alguna provisi\u00f3n de estos t\u00e9rminos es invalidada por alguna corte, entonces el resto de los t\u00e9rminos permanecen vigentes. Estos t\u00e9rminos constituyen la totalidad del acuerdo entre Schlinkert &amp; Santos trading sas y cualquier usuario. M\u00e1s aun, claman importancia sobre y reemplazan cualquier acuerdo previo que pueda haber.<\/p>\n\n\n\n<p><strong>Cambios<\/strong><\/p>\n\n\n\n<p>Nos reservamos el derecho de cambiar estos t\u00e9rminos bajo nuestra absoluta discreci\u00f3n. Si alguna revisi\u00f3n se hace material trataremos de proveer notificaci\u00f3n con 30 d\u00edas de antelaci\u00f3n a que se hagan efectivos los cambios.<\/p>\n\n\n\n<p>Es la absoluta responsabilidad de cada usuario revisar estos t\u00e9rminos peri\u00f3dicamente. Si no est\u00e1 de acuerdo con alguno de los cambios, es responsabilidad del usuario dejar de usar el servicio. Su uso continuado del servicio se toma como la aceptaci\u00f3n de los t\u00e9rminos.<\/p>\n\n\n\n<p><strong>Cont\u00e1ctanos<\/strong><\/p>\n\n\n\n<p>Si tiene alguna duda o pregunta sobre estos t\u00e9rminos cont\u00e1ctanos a&nbsp;<a href=\"mailto:Schlinkert.santos@gmail.com\">Schlinkert.santos@gmail.com<\/a> &nbsp;<\/p>\n","protected":false},"excerpt":{"rendered":"<p>T\u00e9rminos de Uso \u00daltima actualizaci\u00f3n: 11 de noviembre de 2021 T\u00e9rminos y condiciones Por favor lea estos T\u00e9rminos y Condiciones (de en Adelante \u201cT\u00e9rminos\u201d cuidadosamente antes de usar la plataforma jmkride-colombia (de en adelante el \u201cServicio\u201d) operado por Schlinkert &amp; Santos trading sas (de en adelante \u201cnosotros\u201d, \u201cnuestra\u201d). Su acceso a y uso del servicio &hellip;<\/p>\n<p class=\"read-more\"> <a class=\"\" href=\"https:\/\/jmkride-colombia.com\/index.php\/terminos-y-condiciones\/\"> <span class=\"screen-reader-text\">T\u00e9rminos y condiciones<\/span> Leer m\u00e1s &raquo;<\/a><\/p>\n","protected":false},"author":1,"featured_media":0,"parent":0,"menu_order":0,"comment_status":"closed","ping_status":"closed","template":"","meta":{"site-sidebar-layout":"default","site-content-layout":"default","ast-site-content-layout":"","site-content-style":"default","site-sidebar-style":"default","ast-global-header-display":"","ast-banner-title-visibility":"","ast-main-header-display":"","ast-hfb-above-header-display":"","ast-hfb-below-header-display":"","ast-hfb-mobile-header-display":"","site-post-title":"","ast-breadcrumbs-content":"","ast-featured-img":"","footer-sml-layout":"","theme-transparent-header-meta":"default","adv-header-id-meta":"","stick-header-meta":"","header-above-stick-meta":"","header-main-stick-meta":"","header-below-stick-meta":"","astra-migrate-meta-layouts":"default","ast-page-background-enabled":"default","ast-page-background-meta":{"desktop":{"background-color":"","background-image":"","background-repeat":"repeat","background-position":"center center","background-size":"auto","background-attachment":"scroll","background-type":"","background-media":"","overlay-type":"","overlay-color":"","overlay-gradient":""},"tablet":{"background-color":"","background-image":"","background-repeat":"repeat","background-position":"center center","background-size":"auto","background-attachment":"scroll","background-type":"","background-media":"","overlay-type":"","overlay-color":"","overlay-gradient":""},"mobile":{"background-color":"","background-image":"","background-repeat":"repeat","background-position":"center center","background-size":"auto","background-attachment":"scroll","background-type":"","background-media":"","overlay-type":"","overlay-color":"","overlay-gradient":""}},"ast-content-background-meta":{"desktop":{"background-color":"var(--ast-global-color-5)","background-image":"","background-repeat":"repeat","background-position":"center center","background-size":"auto","background-attachment":"scroll","background-type":"","background-media":"","overlay-type":"","overlay-color":"","overlay-gradient":""},"tablet":{"background-color":"var(--ast-global-color-5)","background-image":"","background-repeat":"repeat","background-position":"center center","background-size":"auto","background-attachment":"scroll","background-type":"","background-media":"","overlay-type":"","overlay-color":"","overlay-gradient":""},"mobile":{"background-color":"var(--ast-global-color-5)","background-image":"","background-repeat":"repeat","background-position":"center center","background-size":"auto","background-attachment":"scroll","background-type":"","background-media":"","overlay-type":"","overlay-color":"","overlay-gradient":""}},"footnotes":""},"class_list":["post-1418","page","type-page","status-publish","hentry"],"jetpack_sharing_enabled":true,"_links":{"self":[{"href":"https:\/\/jmkride-colombia.com\/index.php\/wp-json\/wp\/v2\/pages\/1418","targetHints":{"allow":["GET"]}}],"collection":[{"href":"https:\/\/jmkride-colombia.com\/index.php\/wp-json\/wp\/v2\/pages"}],"about":[{"href":"https:\/\/jmkride-colombia.com\/index.php\/wp-json\/wp\/v2\/types\/page"}],"author":[{"embeddable":true,"href":"https:\/\/jmkride-colombia.com\/index.php\/wp-json\/wp\/v2\/users\/1"}],"replies":[{"embeddable":true,"href":"https:\/\/jmkride-colombia.com\/index.php\/wp-json\/wp\/v2\/comments?post=1418"}],"version-history":[{"count":1,"href":"https:\/\/jmkride-colombia.com\/index.php\/wp-json\/wp\/v2\/pages\/1418\/revisions"}],"predecessor-version":[{"id":1420,"href":"https:\/\/jmkride-colombia.com\/index.php\/wp-json\/wp\/v2\/pages\/1418\/revisions\/1420"}],"wp:attachment":[{"href":"https:\/\/jmkride-colombia.com\/index.php\/wp-json\/wp\/v2\/media?parent=1418"}],"curies":[{"name":"wp","href":"https:\/\/api.w.org\/{rel}","templated":true}]}}